 is l(43)?
209
Let l(q) = -192*q + 6. Calculate l(1).
-186
Let c(t) = -167*t**2 - 937*t + 392. Determine c(-6).
2
Let x(m) = -35*m + 852. Determine x(24).
12
Let r(l) = 39*l - 1405. What is r(36)?
-1
Let j(o) = o**3 + 8*o**2 - 6*o - 19. Determine j(-8).
29
Let r(t) = 761*t - 5326. Calculate r(7).
1
Let u(b) = -b**3 - 67*b**2 - 62*b + 275. What is u(-66)?
11
Let u(q) = 2*q**2 - 28*q + 49. What is u(6)?
-47
Let m(s) = s**2 - 6*s - 208. Give m(20).
72
Let u(n) = -218*n**2 - 872*n - 5. Calculate u(-4).
-5
Let j(h) = 4*h**3 - 12*h**2 - 27*h + 14. Calculate j(-5).
-651
Let k(d) = d**3 + 17*d**2 - 165*d - 57. Determine k(-24).
-129
Let a(v) = 2*v**2 - 100*v + 679. Give a(8).
7
Let y(m) = -m**3 - 42*m**2 - 434*m - 47. What is y(-24)?
1
Let c(b) = 69*b + 365. What is c(-7)?
-118
Let u(p) = -p**3 + 5*p**2 + 69*p + 14. Calculate u(-6).
-4
Let i(z) = 132*z - 2605. What is i(20)?
35
Let m(u) = -2*u**2 + 420*u - 2454. What is m(6)?
-6
Let p(z) = z**2 + 32*z - 1642. What is p(-59)?
-49
Let p(z) = 36*z + 4422. Give p(-123).
-6
Let l(p) = 4*p**3 - 3*p**2 - 22*p - 33. What is l(-2)?
-33
Let c(i) = 323*i + 12. Calculate c(0).
12
Let z(o) = -1130*o - 32768. Calculate z(-29).
2
Let d(k) = 136*k + 3. Give d(0).
3
Let d(u) = -1069*u + 21. Determine d(0).
21
Let o(s) = -s**3 + 20*s**2 - 38*s + 36. Give o(18).
0
Let d(c) = 19*c**2 - 1750*c + 212. Determine d(92).
28
Let f(o) = -8*o**3 + 32*o**2 + 7*o - 3. Give f(5).
-168
Let t(h) = 82*h**3 - 10*h**2 + 11*h - 2. Give t(1).
81
Let l(s) = -s**2 + 34*s + 190. Determine l(39).
-5
Let s(h) = -265*h + 60683. What is s(229)?
-2
Let j(m) = 260*m + 1260. Determine j(-4).
220
Let i(u) = u**3 - 60*u**2 + 60*u - 87. Give i(59).
-28
Let s(m) = -492*m**3 - 6*m**2 + 8*m + 6. Determine s(-1).
484
Let c(k) = 9*k + 43. Calculate c(-3).
16
Let y(k) = -k**2 - 47*k + 1520. Give y(-71).
-184
Let t(z) = z**3 - 3*z**2 - z - 54. Determine t(5).
-9
Let q(d) = 8*d**2 + 17*d - 72. Determine q(4).
124
Let b(a) = 94*a - 2539. What is b(27)?
-1
Let q(c) = -c**3 + 228*c**2 - 676*c + 212. Give q(225).
-13
Let w(s) = -6257*s - 143912. What is w(-23)?
-1
Let l(c) = -15144*c - 90855. Determine l(-6).
9
Let a(k) = 37*k - 524. Calculate a(14).
-6
Let y(t) = -104*t + 1044. Calculate y(10).
4
Let z(j) = -j**2 - 21*j - 97. Calculate z(-9).
11
Let o(m) = m**3 - 14*m**2 - 8*m - 49. Determine o(13).
-322
Let v(k) = 2*k**2 + 37*k + 74. What is v(-18)?
56
Let k(r) = -81*r - 9798. Calculate k(-121).
3
Let a(l) = -11*l - 210. What is a(-17)?
-23
Let i(t) = t**3 + 7*t**2 + 11*t - 5. Calculate i(-8).
-157
Let a(u) = 2*u**2 + 332*u + 4279. What is a(-152)?
23
Let x(s) = s**3 + 58*s**2 + 165*s + 35. What is x(-55)?
35
Let r(k) = 16*k**2 + 30*k + 120. Give r(-5).
370
Let h(t) = 11*t + 299. Determine h(-27).
2
Let h(z) = 332*z - 3267. Calculate h(10).
53
Let r(o) = 30*o + 570. Calculate r(-19).
0
Let p(u) = -11*u**2 - 212*u + 52. What is p(-22)?
-608
Let h(s) = s**2 - 136*s + 1029. Calculate h(8).
5
Let o(v) = -24*v**2 + 13*v - 1. What is o(-1)?
-38
Let x(z) = 3*z**3 + 79*z**2 + 22*z - 104. What is x(-26)?
0
Let n(k) = -17*k + 63. Calculate n(5).
-22
Let v(w) = -4*w**3 - 39*w**2 + 68*w + 35. What is v(-11)?
-108
Let p(a) = 2043*a + 10213. Determine p(-5).
-2
Let z(v) = 2*v**3 + 70*v**2 - 30. Determine z(-35).
-30
Let w(p) = 2*p**2 + 38*p - 9. Calculate w(-21).
75
Let a(q) = -q**2 - 20*q - 61. Give a(-4).
3
Let g(y) = 269*y - 310. Give g(4).
766
Let b(h) = 7*h**2 - 9*h - 49. What is b(8)?
327
Let x(l) = 29*l + 662. Calculate x(-29).
-179
Let i(v) = -v**3 - 22*v**2 + 240*v + 4. Calculate i(-30).
4
Let m(z) = 10*z**3 - 69*z**2 + 8*z - 59. Determine m(7).
46
Let a(j) = 2*j**2 - 9*j + 14. Determine a(-6).
140
Let h(b) = -915*b - 40258. Calculate h(-44).
2
Let o(a) = 5*a**2 + 14*a - 580. Determine o(13).
447
Let s(x) = 423*x - 4220. Calculate s(8).
-836
Let t(o) = 6*o**2 + 1195*o + 191. What is t(-199)?
-8
Let i(w) = w**3 - 78*w**2 - 57*w - 1723. What is i(79)?
15
Let i(j) = -j**2 - 211*j + 8052. Calculate i(33).
0
Let u(f) = f**3 + 7*f**2 - 500*f + 10. Give u(0).
10
Let a(k) = 140*k + 13140. Determine a(-94).
-20
Let m(n) = -2*n - 56. Determine m(-35).
14
Let b(f) = -7349*f + 161686. Calculate b(22).
8
Let s(a) = a**3 - 140*a**2 + 259*a + 2360. Calculate s(138).
14
Let g(n) = 13*n + 143. What is g(-4)?
91
Let s(z) = -3042*z + 9109. What is s(3)?
-17
Let y(k) = 5477*k + 328622. What is y(-60)?
2
Let s(c) = -11*c - 676. Calculate s(-54).
-82
Let z(c) = -6*c**3 - 251*c**2 + 565*c - 314. Calculate z(-44).
-6
Let r(t) = t**2 + 8*t - 401. What is r(17)?
24
Let w(y) = -y**3 + 8*y**2 - 51*y + 178. Calculate w(5).
-2
Let i(q) = -6*q**3 - 34*q**2 - 17*q - 169. Give i(-6).
5
Let a(g) = -4*g**2 + 96*g - 363. Give a(4).
-43
Let i(q) = q**2 - 3*q - 177. Give i(-14).
61
Let j(b) = 13*b - 46. Determine j(0).
-46
Let k(t) = 6293*t + 31453. What is k(-5)?
-12
Let m(c) = -62*c - 176. Determine m(3).
-362
Let z(h) = 1357*h + 5344. What is z(-4)?
-84
Let h(k) = k**3 - 38*k**2 + 40*k - 98. Give h(37).
13
Let t(b) = -4*b**2 - 306*b - 704. Determine t(-74).
36
Let w(n) = 3*n**2 - 17*n + 58. Determine w(4).
38
Let g(i) = -5*i**2 + 792*i + 2969. Calculate g(162).
53
Let v(l) = -l**3 - 29*l**2 + 63*l - 1056. What is v(-32)?
0
Let c(v) = -v**3 - 17*v**2 + 17*v + 529. Give c(-16).
1
Let k(y) = -2*y**3 + 3*y**2 + 62*y - 117. Give k(2).
3
Let i(s) = -4*s**3 - 79*s**2 + 77*s + 1178. Determine i(-20).
38
Let n(x) = -x**2 - 3*x + 574. Give n(-26).
-24
Let m(b) = -b**3 + 10*b**2 + 94*b - 905. Calculate m(11).
8
Let r(v) = -v**2 + 21*v - 205. Calculate r(17).
-137
Let a(k) = 140*k**2 + 1405*k + 47. What is a(-10)?
-3
Let b(k) = -190*k**2 + 3991*k - 31. What is b(21)?
-10
Let z(h) = 6*h - 159. Give z(20).
-39
Let u(x) = -x**2 + 26*x - 124. Give u(7).
9
Let m(x) = 51*x - 113. Give m(2).
-11
Let d(y) = 1127*y - 14647. Calculate d(13).
4
Let p(h) = -324*h - 10362. Give p(-32).
6
Let x(n) = 183*n + 6240. Calculate x(-34).
18
Let a(l) = -l**2 - 44*l - 565. Give a(-21).
-82
Let m(b) = -b**3 + 85*b**2 - 268*b + 57. Give m(3).
-9
Let t(c) = -3*c**2 - 78*c - 87. Determine t(-23).
120
Let u(s) = -12*s**2 + 327*s + 67. Determine u(27).
148
Let c(j) = 6*j**2 - 97*j - 202. Determine c(18).
-4
Let j(n) = -1859*n + 5579. What is j(3)?
2
Let y(c) = c**3 - 10*c**2 - 75*c - 8. What is y(15)?
-8
Let s(o) = -7*o**2 + 117*o - 6. What is s(15)?
174
Let r(f) = f**2 - 40*f + 114. Determine r(37).
3
Let q(g) = 23*g**3 + 44*g**2 + 2*g + 8. Calculate q(-2).
-4
Let p(m) = -115*m + 696. Give p(6).
6
Let l(j) = -67*j + 553. Give l(8).
17
Let o(b) = b**3 + 5*b**2 - 8*b - 26. Calculate o(-7).
-68
Let j(t) = t**2 - 548*t - 4427. Give j(-8).
21
Let c(w) = -16*w**2 - 262*w - 12. Calculate c(-17).
-182
Let c(f) = f**3 - 17*f**2 - 34*f - 99. What is c(19)?
-23
Let w(b) = b**3 + 14*b**2 - 20*b - 15. Determine w(-16).
-207
Let o(k) = 6*k**2 + 42*k + 166. Give o(-9).
274
Let x(b) = -23*b + 1244. Calculate x(55).
-21
Let d(y) = -y**3 + 7*y**2 - 4*y + 9. Calculate d(8).
-87
Let j(c) = 2*c**2 + 93*c - 634. Calculate j(6).
-4
Let s(p) = p**3 - 10*p**2 - 3*p - 163. What is s(12)?
89
Let u(w) = 190*w + 2287. Give u(-11).
197
Let o(v) = -2*v**2 - 95*v + 298. Give o(3).
-5
Let s(i) = -2*i**3 - 20*i**2 + 23*i - 1. Give s(-11).
-12
Let g(d) = -d**2 - 545*d + 2212. Determine g(4).
16
Let u(b) = 2*b**2 + 150*b - 639. Calculate u(-76).
-487
Let g(f) = -f**2 - 3848*f + 23122. Calculate g(6).
-2
Let f(z) = 38*z - 260. Give f(7).
6
Let t(q) = -2*q**3 + 14*q**2 - 62*q + 610. Calculate t(8).
-14
Let u(j) = -2*j**2 - 2*j + 228. Give u(9).
48
Let w(d) = d**3 + 136*d**2 + 146*d + 1476. What is w(-135)?
-9
Let q(f) = f**2 + 705*f + 34553. Give q(-53).
-3
Let s(p) = -43*p - 1295. Calculate s(-30).
-5
Let n(x) = -136*x - 2173. Calculate n(-16).
3
Let h(p) = p**3 + 7*p**2 - 26*p - 83. Give h(-9).
-11
Let d(q) = -27*q**2 - 270*q + 1058. Determine d(-13).
5
Let h(l) = -l**2 - l + 38. Determine h(12).
-118
Let v(x) = 16*x**2 + 114*x + 24. Determine v(-7).
10
Let r(p) = -3*p**3 + 88*p**2 + 63*p - 78. Give r(30).
12
Let k(a) = a**2 - 40*a + 409. Determine k(17).
18
Let z(b) = b**3 + 12*b**2 - 34*b + 9. Determine z(2).
-3
Let k(j) = -j**2 - 188*j - 188. Determine k(-1).
-1
Let q(d) = -1097*d + 7685. What is q(7)?
6
Let a(k) = -39*k**2 - 2*k + 3. What is a(1)?
-38
Let x(m) = 296